e remainder when s(y) is divided by g?
14
Suppose 0*n + 9*n + 414 = 0. What is the remainder when 91 is divided by 4/(-1)*n/8?
22
Let a(l) = -91*l - 581. What is the remainder when 447 is divided by a(-7)?
55
Let f be 3 - -3 - 0 - 0/2. Let j(c) = c - 3. Calculate the remainder when j(f) is divided by 2.
1
Suppose 4*l = 340 - 48. Calculate the remainder when 216 is divided by l.
70
Let m(c) = -274*c**3 + 3*c + 5. Calculate the remainder when m(-1) is divided by 75.
51
Let l = 4 + -1. Suppose l*c - 42 = 9. Calculate the remainder when c is divided by 7.
3
Suppose 7*q + 0*q = 70. Suppose -3*j + 3*n + 51 = 0, 3*n + q = j - 7. What is the remainder when -1 + 17*2 - 0 is divided by j?
16
Let t(x) = -3*x**3 - x. Let m be t(2). Let d = m - -43. Suppose 3*z = 4*u + 120, -u + 30 + d = z. What is the remainder when z is divided by 15?
14
Suppose -3*h = -3 - 3. Suppose -6*l + 116 = -h*l. What is the remainder when 114 is divided by l?
27
Let q(p) = 5*p - 65. Let z be q(7). Let h = z - -83. What is the remainder when 104 is divided by h?
51
Let m(p) = 5*p - 25*p**2 - 6 + 26*p**2 + 0. Let l be m(-8). Suppose 2*c - 3*y - l = 0, 3*c - 4*y - 1 = 27. What is the remainder when 22 is divided by c?
10
Let b = 834 - 752. Calculate the remainder when 655 is divided by b.
81
Let p(o) = o**2 + 6*o - 22. Suppose 9*g - 43 = 2. What is the remainder when p(g) is divided by 9?
6
Suppose 4*z + 0*k = -4*k + 108, -z + 27 = -2*k. What is the remainder when 204 is divided by z?
15
Suppose -h = 2*h - 4*u - 413, 4*h = -u + 576. Suppose -4*j + 25 = -h. Calculate the remainder when j is divided by 11.
9
Suppose 2*j + 4*p - 86 = -0*p, -4*p = 0. Suppose -2*x - 13 = -2*c - 5*x, 4*c - 11 = -x. Suppose 0 = c*f + 4 - 48. What is the remainder when j is divided by f?
21
Suppose -145 = -5*k + 45. What is the remainder when ((-7)/2)/(22/(-1188)) is divided by k?
37
Suppose 0 = -2*c - c + 4*i - 20, 5*i + 37 = -4*c. What is the remainder when 141 is divided by (-4)/1 + (-224)/c?
21
Let k(y) = -y**2 - 11*y - 14. Let d be k(-8). What is the remainder when 44 is divided by 15 - 5/(d/6)?
8
Let w = -90 + 74. Let n(t) = -10*t - 67. Calculate the remainder when n(w) is divided by 19.
17
Let f(j) = -3*j + 33. Calculate the remainder when f(-14) is divided by 11.
9
Let h be -1 + 57/(-9)*-3. Let r = h - 11. Suppose -o - 31 = -33. Calculate the remainder when r is divided by o.
1
Suppose 3*z = -0*z + 4*i - 13, 14 = -2*z + 4*i. Let m = z + 4. Suppose -16 = -4*p + x, 2*p = -2*x + m + 13. What is the remainder when p is divided by 2?
1
Let t(s) = s**3 + 7*s**2 - 14*s - 1. What is the remainder when t(-5) is divided by 41?
37
Let c = 48 - 32. Let s = 10 - 11. Let x = c + s. What is the remainder when 43 is divided by x?
13
Suppose -11 = -4*g - 39. Let m(r) = r**3 + 7*r**2 - 8*r - 1. Calculate the remainder when m(g) is divided by 14.
13
Suppose 0 = 5*n - 21 + 1. Suppose -31 = -5*c + m, 11 = 4*c + n*m - 9. What is the remainder when (86/c)/(3/9) is divided by 22?
21
Suppose 3*c + 3*c - 36 = 0. Suppose 0 = -i - 4*t + 22, 4*t - 2*t = -5*i + 146. What is the remainder when 353/c*2 + 2/(-3) is divided by i?
27
Calculate the remainder when 74 is divided by (3/2)/((-270)/1008)*-5.
18
Let s = -51 + 232. Suppose 0 = 3*w + 15, -3*z - z + s = -w. What is the remainder when z is divided by 9?
8
Suppose -4*t - 4*q + 201 = -259, -q = -3. Let m be ((-96)/t)/(1/(-7)). Suppose -m*g + 115 = -g. What is the remainder when g is divided by 6?
5
Let a(s) = 6*s**2 + 20*s + 29. Calculate the remainder when a(-7) is divided by 23.
22
Suppose 4*w = -c + 383, 4*w - 22 - 346 = 4*c. Suppose w = 2*u - 5. Suppose -33*i + 38*i - u = 0. What is the remainder when 38 is divided by i?
8
Suppose 3*c = -1 + 16. Suppose c*w - 75 = 4*u - 9*u, -16 = -4*w. What is the remainder when 20 is divided by u?
9
Let s(q) = -q**2 + q. Let n be s(-1). Let w(m) = -m**3 + 4*m**2 + 3*m + 7. Let c be w(5). Let j = n - c. What is the remainder when 3 is divided by j?
0
Let p(n) = n**2 - 18*n + 78. Let c be p(12). Suppose -4*h = a - 37, 68 = c*a - 4*a + 2*h. What is the remainder when a is divided by (-6)/((-2)/9*3)?
6
Suppose 0 = 2*n + 3*o + 16 - 240, 0 = -n - 2*o + 113. Suppose 0 = p + s - 20, 5*p + 0*s = s + 112. What is the remainder when n is divided by p?
21
Let f be ((-16)/(-24))/((-3)/432). Let c = f - -156. What is the remainder when c is divided by 16?
12
Let c(b) be the second derivative of 2*b**3/3 - 7*b**2 - 3*b. What is the remainder when 37 is divided by c(6)?
7
Suppose -11*g - 13*g = -408. Calculate the remainder when 21 is divided by g.
4
Let u be (76/(-6))/(24/72). Let q = -24 - u. What is the remainder when 26 is divided by q?
12
Suppose 4*i - 9 = 3*i. Let b = -8 - i. Let c = 29 + b. What is the remainder when 23 is divided by c?
11
Let z be 65 - (4 + 2 + -5). Let p = z - 41. Calculate the remainder when 91 is divided by p.
22
Let u = 1282 - 1261. Calculate the remainder when 30 is divided by u.
9
Suppose y + 4*h + 5 + 0 = 0, 4*h = 4*y. Let z(x) = x**2 - 8*x**3 + x**2 - 4*x**2 - 2*x - 1. What is the remainder when 11 is divided by z(y)?
4
Suppose 2*v + 3*o - 21 = 0, -4*v + 3*o + 22 = 5*o. Suppose -v*u + 0*u + 15 = 0. What is the remainder when 67 is divided by (u/(5/(-34)))/(-2)?
16
Let b(y) = 4*y**3 + 13*y**2 - 14*y. Let p(q) = 3*q**3 + 12*q**2 - 13*q. Let h(n) = 4*b(n) - 5*p(n). What is the remainder when 35 is divided by h(7)?
7
Suppose -16*r + 18*r - 38 = 0. Let q = -300 - -157. Let z = -70 - q. Calculate the remainder when z is divided by r.
16
What is the remainder when 67 is divided by -64 + 62 + 10*1?
3
Suppose -2*x + 15 = 3*x. Suppose -2*r - 4*q + 12 = 0, -r + 6*q + 21 = 3*q. Calculate the remainder when r is divided by x.
0
Suppose -o = -v - 0*o + 37, 0 = -4*v - 2*o + 118. Suppose -43*u = -46*u - 3, 2*m + 4*u - 2 = 0. Calculate the remainder when v is divided by m.
2
Let h be (4 + 0)/((-4)/16). Calculate the remainder when 2/((6/(-3))/h) is divided by 8.
0
Let s(p) = -2*p**3 + 5*p + 3. Let m be s(-3). Let z = m - 20. Suppose -d - 429 = -5*r, 2*r - 4*d + 176 = 4*r. Calculate the remainder when r is divided by z.
20
Suppose 2*x = x + 8. Let f(t) = 4*t + 5. Suppose 0 = 3*c - 2*j - 6, -2*c + 2 = -c - 5*j. What is the remainder when f(c) is divided by x?
5
Let x = -304 + 318. Let h(j) = 19*j - 8. Let l be h(6). Suppose -2*v + 159 = 3*y, -y - 3*v = y - l. Calculate the remainder when y is divided by x.
11
Let z = 254 + -221. What is the remainder when 37 is divided by z?
4
Let b(t) = 3*t**2 + 60*t + 122. Calculate the remainder when 307 is divided by b(-2).
13
Suppose 3*j + 29 = r, -4*r = 4*j + 7 - 203. What is the remainder when 49 is divided by r?
5
Let g(a) = -5*a**2 - 123*a - 58. Calculate the remainder when 56 is divided by g(-24).
0
Let c(z) = z**3 - 4*z**2 + 9*z - 27. Calculate the remainder when c(6) is divided by 25.
24
Let p(y) = y**3 - 12*y**2 - 13*y + 2. Let t be p(13). Suppose 81 = -i + t*i. Calculate the remainder when i is divided by 17.
13
Let i(m) = -4*m - 20. What is the remainder when i(-8) is divided by 10 - (-4 + (4 - -1))?
3
Calculate the remainder when -11 + 3712/(5 + -3) is divided by 13.
12
Suppose 12 = -w - 5*u, 5*w - 7 = -3*u - 1. Suppose w = 4*r - 9. Suppose 4*q - 8*q + 4 = 0, -3*q = 2*x - 11. Calculate the remainder when x is divided by r.
1
Suppose c - 12 - 4 = 0. Suppose -4*q + 2 + 6 = 0. Suppose u + q*l - 318 = -4*u, 3*u - 2*l = 178. Calculate the remainder when u is divided by c.
14
What is the remainder when (2 + (-465)/6)*-2 is divided by ((-39)/(-4))/(1037/(-272) + 4)?
47
Let q(z) = 4*z**2 - 2*z - 3. Let u be (-2)/(-3)*(-72)/(-16). Suppose u = -i + 2*i. What is the remainder when q(i) is divided by 10?
7
Let m(z) = z**2 + 16*z + 63. Suppose -2*p + 25 = 3*p. Suppose 299 = p*f - 176. Calculate the remainder when f is divided by m(-13).
23
Suppose 24*m - 27*m + 612 = 0. Calculate the remainder when m is divided by 53.
45
Suppose z = -5*l + 111, -4*z = -2*l + 102 - 62. Calculate the remainder when 53 is divided by l.
9
Let m = -569 + 581. What is the remainder when 958 is divided by m?
10
Let c(d) = -30*d**3. Suppose -3*u - 34 = -5*u. What is the remainder when c(-1) is divided by u?
13
Let m(w) = 4*w**3 + 5*w**2 - 4*w + 2. Let p(c) = -2*c**3 - 3*c**2 + 2*c - 1. Let z(q) = 3*m(q) + 5*p(q). What is the 